?
4
Suppose 0*h - 28 = -h - 2*y, 5*y = -3*h + 88. Let b = h - 33. Suppose -2*w + 22 = -2*v, w + 5*v - 17 = -b*w. What is the units digit of w?
8
What is the ten thousands digit of (1*34 + 0)/(1105/948090)?
2
Let d be -23 + 1 + 2 + -6 - -2. Let i be 1/(d/(-64)*1/36). What is the units digit of (i - (-1 + 3)) + -25 + 21?
0
Suppose 2*l = 0, 15*z - 34242 = 9*z + 4*l. What is the thousands digit of z?
5
Suppose 111*h - 2210169 = 351808 - 224761. What is the thousands digit of h?
1
Suppose 2*j + 555 = -m, -12*m - 5*j - 2214 = -8*m. Let u = 954 + m. What is the hundreds digit of u?
4
What is the tens digit of (71 + -32413)*((-3)/6 + 0)?
7
Suppose 0 = 5*k - 2*k + 4*c, -5*c + 3 = 3*k. Let l(r) = -10*r**3 + 3*r**2 - 4*r - 3. What is the units digit of l(k)?
1
Let g(a) = 3*a**2 - 16*a + 13. Let r be (-4)/14 + 13/((-91)/(-380)). Let z = -48 + r. What is the tens digit of g(z)?
2
Let m(k) = 2*k**3 - 8*k**2 - 8*k - 18. Let g be (6/8)/(22/(-88)) + 11. What is the hundreds digit of m(g)?
4
Let q = -5831 - -12121. What is the units digit of q?
0
Let q(a) = 9*a**2 - 69*a - 29. Let z be q(18). Suppose -5*l + 725 + z = -x, 460 = l - 3*x. What is the units digit of l?
5
Suppose 4*m - 10 = -2*t + 30, 0 = t - 4. Suppose 2*k - m + 2 = 0. Suppose -20 = -h - k*h. What is the units digit of h?
5
What is the thousands digit of (-22206)/(-4) + (-45)/10?
5
Let u = 794 + -153. Let b = u + 646. What is the units digit of b?
7
Let i = 1461 - 982. Suppose -1215 = -484*s + i*s. What is the hundreds digit of s?
2
Suppose 21*j - 26781 + 16632 = 189666. What is the tens digit of j?
1
Let w be 28/12 + 0 + (-2)/(-3). Suppose 2*c + 2*c = -w*r + 62, 0 = r - c - 30. Let b = 59 - r. What is the tens digit of b?
3
Suppose 4*v - 1584 = 4*f, v + 2*f - 249 = 159. Let k = -90 + v. What is the units digit of k?
0
Suppose -4*s + 5*g = -38521, -283*s + 282*s + 9649 = 5*g. What is the hundreds digit of s?
6
Let x = 256 + -235. Suppose x*q - 1560 = 5076. What is the units digit of q?
6
Let r = 21039 - 15014. What is the tens digit of r?
2
Let c(y) = 226*y**3 - 10*y - 9. Let q be c(-1). Let l = q - -806. What is the hundreds digit of l?
5
Let r(u) = 208*u - 24. Suppose -2*o = 893 - 897. What is the units digit of r(o)?
2
Suppose 0 = 28*b - 1139908 + 303716. What is the ten thousands digit of b?
2
Suppose 16*y = -2*i + 14*y - 110368, -165550 = 3*i + 5*y. What is the tens digit of i/(-90) - (-3)/(-18)?
1
Suppose 3*h + 70 = -2*h - 2*s, -s - 14 = h. Let q(d) = d**3 - 7*d**2 + 11*d + 11. Let p be q(7). Let l = p - h. What is the hundreds digit of l?
1
Let l(d) be the first derivative of -5*d**2 - 43*d - 9. Let i be l(-6). Let j = -15 + i. What is the units digit of j?
2
Let m(g) = 256*g**2 + 41*g - 69. What is the units digit of m(2)?
7
Let o be (-6)/((-12)/(-50)) - -4. Let b be 0/(65/35 + (-3)/o). Suppose b = 2*t - 11 - 49. What is the units digit of t?
0
Suppose -20 = -2*n - 8. Suppose u = n*u + 275. What is the tens digit of (-11)/(0 - (-5)/u)?
2
Let k = -35335 + 124751. What is the hundreds digit of k?
4
Suppose 4*h = 14*h + 17*h - 1602045. What is the ten thousands digit of h?
5
Suppose -2*v = 4*r - 7354, -2292*v - r + 11051 = -2289*v. What is the hundreds digit of v?
6
Suppose 5*n - 3*b = -21 + 5, -5*n = 4*b + 2. Let s be (1 - (4 + -5)) + n. Suppose s = 10*z - 5*z - 535. What is the units digit of z?
7
Let j = -40568 + 63114. What is the thousands digit of j?
2
Let r be (-2 - -2) + -3 + 6. Suppose 1470 = r*m + 420. What is the units digit of m?
0
Let m be 219 - ((-8)/(-1) + -1 + -2). Let c = m + 119. What is the tens digit of c?
3
Suppose 3647 - 11 = 6*l. Let n = l + -182. Suppose 11*k = 15*k - n. What is the tens digit of k?
0
Let b = -20 - -25. Suppose 3*k - b = 2*k, -p - 4*k + 21 = 0. What is the units digit of (p + 1 - 4)*-1?
2
Suppose 4*s + 4*s - 16 = 0. Let f(n) = 2*n**s - 12 - 9*n - 7 + 1. What is the tens digit of f(-6)?
0
Suppose -15*q + 61 = 211. Let k = q + 4. What is the hundreds digit of ((-8)/k + 0)/(6/774)?
1
Let p be -1 + 5/7 - (-14226)/(-42). Let b = 1190 + p. What is the tens digit of b?
5
Suppose 3 = 3*z, 3*d = 4*d + z - 169. Suppose -1833 = -9*f - d. What is the tens digit of f?
8
Let z(x) = -3*x - 86. Let t be z(-34). Suppose -t*f - 186 = -17*f. What is the tens digit of f?
8
Suppose -4*a + 121 = -5*i, 5*a + 6*i = 3*i + 179. Let s = a - 30. What is the units digit of s?
4
Let b = 66 - 61. Suppose -3*l - s - 108 = 325, -s = -b. Let w = -1 - l. What is the hundreds digit of w?
1
Let q(t) = 26*t**2 - 16*t + 17. Let l(d) = 9*d**2 - 5*d + 6. Let v(x) = -17*l(x) + 6*q(x). Let m be v(7). What is the tens digit of 3948/m + 4/(-10)?
5
Let w = -31 - -2944. What is the hundreds digit of w?
9
Let n(r) = 6*r + 66. Let i be n(-11). Suppose i = 14*f - 17*f + 783. What is the hundreds digit of f?
2
Suppose 6*q = -q - 469. Let d = q + 69. Suppose d*y - t = 351, 5*t + 890 = -y + 6*y. What is the tens digit of y?
7
Suppose -2*j = -5*p - 31, p + 4 = -2*j + 29. Suppose 12*i - j*i + 106 = 0. What is the tens digit of (-3)/(-27)*i - 22/(-99)?
1
Let z = -186 - -270. What is the tens digit of z?
8
Let j = 54 - 50. Suppose 0 = j*k + 4*g - 7*g + 130, 4*g + 42 = -k. Let b = -16 - k. What is the tens digit of b?
1
Suppose 23 = -2*v + 3*g, 2*v - 1 + 4 = -g. What is the hundreds digit of v/(-2*16/6376)?
7
What is the hundreds digit of 11 + 18554 - (3/(-5) + (-384)/60)?
5
Let w(h) = -6*h**2 - 5. Let v(u) = -12*u**2 - 11. Let l(g) = 4*v(g) - 9*w(g). Let c be l(-1). Suppose c + 23 = 5*i. What is the units digit of i?
6
Suppose 2 = 2*c, 286*c + 16651 = 2*h + 287*c. What is the thousands digit of h?
8
Suppose -4639*j - 361913 = -4656*j. What is the tens digit of j?
8
Let g(d) = d**3 + 4*d + 155. Let x = 113 - 113. Let s be g(x). Suppose 4*n - s = 97. What is the units digit of n?
3
Let d = -228 + 236. What is the units digit of (3582/d)/9*8?
8
Let c be -2*(2 - 145 - 5). Suppose -b - 93 + c = 0. What is the hundreds digit of b?
2
Let a(w) = 12363*w**2 - 37*w - 44. What is the units digit of a(-2)?
2
Let a = -244 - -246. Suppose -2*n = -a*w + 606, 3*w + 3*n - 904 = n. What is the tens digit of w?
0
Let i(s) = -s**2 - 19*s - 14. Let h be i(-18). Suppose 3*p = u + 179, -h*p + 50 = 3*u - 180. What is the units digit of p?
9
What is the tens digit of (10 - 24) + (8537 - 8)?
1
Suppose 48*q = -50856 + 335208. What is the hundreds digit of q?
9
Let x(b) = -3*b + 11. Let f be x(5). Let y(k) = -k**3 - 6*k**2 + 3*k - 5. Let q be y(f). Let u = -33 - q. What is the units digit of u?
6
Let l(s) = 505*s - 136. Let c be l(-6). Let x = c - -4434. What is the units digit of x?
8
Suppose 144 = -29*h + 35*h. Let p be (-3)/2*(-80)/h. Suppose -2*l - 3*o = -98, -3*l + p*o - 235 = -8*l. What is the units digit of l?
3
Suppose -5*s + 51532 = 5*p - 8368, 4*p + 47960 = 4*s. What is the thousands digit of s?
1
Let n = 415 - 130. What is the tens digit of (n/(-4) + 5)/(1/(-4))?
6
Let y = 32800 + -14346. What is the units digit of y?
4
Suppose -12*m = -16*m, -3*f = -4*m - 16689. What is the units digit of f?
3
Suppose -132*q = -9573693 + 3027285. What is the ten thousands digit of q?
4
Let l be ((-1434)/(-15) - 4)*5/(-2). Let w = -63 - l. What is the units digit of w?
6
Let n(y) = 23*y - 18. Let h(i) = i**3 - 5*i**2 - 2*i + 7. Let q be h(5). Let c(r) = -22*r + 17. Let a(b) = q*c(b) - 2*n(b). What is the units digit of a(3)?
5
Suppose -p - 272 = -277. Let l(q) = 5*q**2 - 20*q + 45. What is the tens digit of l(p)?
7
Let n be 86*3/54 - 4/(-18). Suppose -n = 2*z - 17. Suppose -3*w + z*w = 300. What is the hundreds digit of w?
1
What is the ten thousands digit of 225/(-33) + 10/(-55) + 252739/17?
1
What is the hundreds digit of 7/((-441)/(-244737)) - 2/(-7)?
8
Suppose -6*b - 301 = -901. Let y(r) = -4*r**2 + 3*r - 3. Let i be y(4). Let m = b + i. What is the units digit of m?
5
Let l be (-4 - 29/(-3))*-9. Let y = l + 54. Suppose 5*f - 441 = -4*h + 2*f, 0 = -y*h + 4*f + 337. What is the units digit of h?
1
Suppose m - 8126 = 4*z, 5*m - 8*m + z + 24444 = 0. What is the thousands digit of m?
8
Let q(j) = j - 6. Let n be q(2). What is the tens digit of (-31952)/(-240) - n/(-30)?
3
Suppose 0*c + 5*c = 13770. Suppose -3*l = 3*l - c. What is the units digit of l?
9
Suppose -383*u + 275*u = -5328504. What is the thousands digit of u?
9
What is the te